-4b?
-2854
In base 12, what is -b - 1179286?
-1179295
In base 4, what is 13003 - 103311300?
-103232231
In base 10, what is 133462 - -2896?
136358
In base 2, what is -11010011111010011000011001 - 1?
-11010011111010011000011010
In base 9, what is 34455 - 2605?
31750
In base 6, what is 42505554 - -4?
42510002
In base 13, what is 37792a9 + 2?
37792ab
In base 7, what is -34303351 - -14?
-34303334
In base 15, what is -148d4a5 - -62?
-148d443
In base 16, what is 3ad3a + -10?
3ad2a
In base 11, what is 214840 + 34?
214874
In base 11, what is 3 + 12407086?
12407089
In base 4, what is -222 + 111112103103?
111112102221
In base 7, what is -3334063 + -210?
-3334303
In base 10, what is -28467 - -17494?
-10973
In base 4, what is -230301333301 - -3?
-230301333232
In base 12, what is 25 - 12b18?
-12ab3
In base 13, what is -136 - 2750b?
-27644
In base 2, what is -101111011010 - 1001110110110100110?
-1001111100110000000
In base 2, what is 10 - -10010001101011101001110?
10010001101011101010000
In base 4, what is -30313030331 + -20?
-30313031011
In base 11, what is -60a1015 - 17?
-60a1031
In base 16, what is 12 + -4dc0e6?
-4dc0d4
In base 12, what is -207786 - 3a?
-207804
In base 4, what is 10 + 1133122212331?
1133122213001
In base 2, what is 100011101011 - -1011101011?
101111010110
In base 15, what is -5144 - -b6?
-507d
In base 8, what is -5 + -344154?
-344161
In base 2, what is 1 + -110000000010100010000011?
-110000000010100010000010
In base 6, what is 0 + -32414054?
-32414054
In base 2, what is 100010 + -10100100000101?
-10100011100011
In base 13, what is -38b59 + -193?
-3901c
In base 15, what is 10c4 - 448?
b7b
In base 11, what is -1 + -12596a0?
-12596a1
In base 11, what is -1073a - 1074?
-11803
In base 3, what is 12 + -1012202211200021?
-1012202211200002
In base 5, what is 11214144 - 422?
11213222
In base 13, what is -2c4975 - -100?
-2c4875
In base 9, what is 0 + -1047756?
-1047756
In base 4, what is 1101 - -112001002?
112002103
In base 9, what is 3708181 - 2?
3708178
In base 2, what is 111111011011 - 111010110001111?
-110010110110100
In base 3, what is 2021 + 112001202?
112011000
In base 3, what is 2222222102 - -2111?
10000001220
In base 11, what is -5 - -13684?
1367a
In base 9, what is 32 - -5715063?
5715105
In base 4, what is 11331130 + 232303?
12230033
In base 3, what is -201 - -110121200002110?
110121200001202
In base 4, what is 21 + -1101211113000?
-1101211112313
In base 14, what is 15 + -70bcba?
-70bca5
In base 11, what is -364 + -3796?
-404a
In base 9, what is 281 - -156324?
156615
In base 2, what is -101 - -10101100111000010010011011?
10101100111000010010010110
In base 14, what is 4 + 4876da?
487700
In base 9, what is 140 + 262688?
262838
In base 8, what is 1 + 40215140?
40215141
In base 14, what is 519 + -6c4a?
-6731
In base 2, what is 1111110 + 111000101110011110?
111000110000011100
In base 12, what is -9a00208 + 4?
-9a00204
In base 14, what is -31 + 41b0231?
41b0200
In base 6, what is 112301 - 341?
111520
In base 8, what is -105314 - -4016?
-101276
In base 10, what is 4238 - 21789?
-17551
In base 13, what is -1985055 + 4?
-1985051
In base 9, what is -335036284 - -5?
-335036278
In base 7, what is -3666221 + 0?
-3666221
In base 7, what is 3511 - -4034432?
4041243
In base 7, what is 321 + -165321?
-165000
In base 5, what is -1222232213 - 1?
-1222232214
In base 8, what is -4 - -11634077?
11634073
In base 2, what is 1000000111111 + 11100010001?
1011101010000
In base 4, what is 10232323 - 1001?
10231322
In base 8, what is -1123076 - 6372?
-1131470
In base 8, what is 420115512 - -5?
420115517
In base 15, what is 6 + -3200e5d?
-3200e57
In base 15, what is -4 - -3b9779?
3b9775
In base 13, what is 1488a6 - -4?
1488aa
In base 6, what is -1 - -3413432510?
3413432505
In base 4, what is -222200321013 - -11?
-222200321002
In base 8, what is 21730621 - -26?
21730647
In base 16, what is 97 - 1d51?
-1cba
In base 5, what is 1 + 324343144102?
324343144103
In base 5, what is 330 - -211242121?
211243001
In base 14, what is -1a38126 + 48?
-1a380bc
In base 11, what is 3221915 + 4?
3221919
In base 10, what is 46 - 1463?
-1417
In base 16, what is 103f0d - 14?
103ef9
In base 5, what is 3241032 + -242?
3240240
In base 14, what is 62 + 2d914?
2d976
In base 3, what is -1011110 - -11010000?
2221120
In base 10, what is 5 + 16488341?
16488346
In base 13, what is 1b3c8 + -157?
1b271
In base 9, what is -1 + 216586882?
216586881
In base 2, what is 101 + -110110001000001111100010?
-110110001000001111011101
In base 3, what is -101 - -2002211002200?
2002211002022
In base 9, what is 10 + -503762?
-503752
In base 7, what is -5 + -1453203466?
-1453203504
In base 12, what is 69bbb - -a2?
6a0a1
In base 11, what is 84578539 - 2?
84578537
In base 8, what is -343 + -1677?
-2242
In base 4, what is -1021100033233 - 0?
-1021100033233
In base 6, what is 51113402 - 52?
51113310
In base 4, what is 23 - -2222111103?
2222111132
In base 6, what is -1150043 - 12425?
-1202512
In base 11, what is -100656 - -449?
-100208
In base 6, what is -5 + -5550232024?
-5550232033
In base 11, what is -99986260 + 4?
-99986257
In base 5, what is -140234 - -1140431?
1000142
In base 14, what is -d1c2 + 105?
-d0bb
In base 12, what is b44 - -1688?
2610
In base 14, what is 1630 + -3ca?
1244
In base 11, what is -2013941 + 0?
-2013941
In base 3, what is -1012101020 + -121111?
-1012222201
In base 8, what is -4 + 174374107?
174374103
In base 5, what is -2331113 - -424?
-2330134
In base 16, what is -5 - 41ed34d?
-41ed352
In base 14, what is -181c - 1c60?
-367c
In base 2, what is -10110100 + 1000101010101111100?
1000101010011001000
In base 15, what is 0 + dd6d30?
dd6d30
In base 15, what is 102 + -1176e?
-1166c
In base 6, what is 222200 + -3044?
215112
In base 16, what is 5c3 - 3de4f?
-3d88c
In base 8, what is -54762023 + 2?
-54762021
In base 16, what is 3f + -677546?
-677507
In base 16, what is -7743a2 - 50?
-7743f2
In base 4, what is -303020201032 + 1001?
-303020200031
In base 6, what is -221521525522 + -2?
-221521525524
In base 14, what is 10d + -a61d?
-a510
In base 8, what is 141563541 + 1?
141563542
In base 6, what is -14011311351 - -1?
-14011311350
In base 14, what is 3 + -64199?
-64196
In base 3, what is -11012 + -220211120102?
-220211201121
In base 5, what is 11241340 + -212?
11241123
In base 3, what is 10112 + 2011102100021?
2011102110210
In base 6, what is 4232534 + 40?
4233014
In base 15, what is -1e44ed - 22?
-1e4520
In base 9, what is -4 + -70726?
-70731
In base 2, what is 11111010110001000110110 + -101?
11111010110001000110001
In base 14, what is 4 - -3c7c052?
3c7c056
In base 15, what is 2b99790 + -7?
2b99788
In base 13, what is -920 - 187b6?
-19406
In base 13, what is 149773 - -c?
149782
In base 7, what is 435123 + 23362?
461515
In base 15, what is 0 + 308243c?
308243c
In base 5, what is 1430302004441 - 0?
1430302004441
In base 2, what is 11001100 + 110100110110011110?
110100111001101010
In base 2, what is 0 + 101011110100111110011?
101011110100111110011
In base 4, what is 1 - 20012212332200?
-20012212332133
In base 13, what is 9 + 2548393?
254839c
In base 15, what is -118d + 4006?
2d68
In base 12, what is -8 + -266728?
-266734
In base 15, what is -2e49a - 280?
-2e72a
In base 9, what is -4 - 621037235?
-621037240
In base 13, what is 2257 + -c2?
2165
In base 2, what is 1100101011110 + -1100001011101100?
-1010100110001110
In base 9, what is -5 + 3002202?
3002186
In base 3, what is -210001101000200 - -12?
-210001101000111
In base 2, what is -11100011011101011111 - -11111111?
-11100011011001100000
In base 9, what is 1025436 + -1?
1025435
In base 16, what is -770 + -105aa?
-10d1a
In base 8, what is 3 - 565526155?
-565526152
In base 14, what is -b3bba22 + 5?
-b3bba1b
In base 9, what is -186474 - -38?
-186435
In base 8, what is -6440 + 114305?
105645
In base 6, what is 245 - -111421?
112110
In base 12, what is -2072884 + 9?
-2072877
In base 7, what is -143 - 5612543?
-5613016
In base 7, what is 10 + 1514665004?
1514665014
In base 4, what is -20 - -20112220321?
20112220301
In base 2, what is 11000101001010111000110101 - -11?
11000101001010111000111000
In base 13, what is 20ca6 + 80?
21056
In base 2, what is -10 + 1101010000011110010000?
1101010000011110001110
In base 7, what is 12426005301 - 4?
12426005264
In base 6, what